 (-9)/(-27) + (-17)/(-3).
5
Let i(p) = -p + 267. Calculate the remainder when i(-15) is divided by 41.
36
Let h(l) = 2*l**3 + 20*l**2 - 24*l - 13. Calculate the remainder when h(-11) is divided by 3.
0
Calculate the remainder when 192 is divided by ((-4)/14 - 0) + (-4736)/(-259).
12
Let y = -1355 - -1856. Calculate the remainder when y is divided by 23.
18
Let h = -77 - -118. Let r = -3929 + 3943. Calculate the remainder when h is divided by r.
13
Let n(b) = b + 129. Let v = 22562 - 22550. What is the remainder when n(0) is divided by v?
9
What is the remainder when 206 is divided by (-43 - 2)/((-36)/24)?
26
Let v be -2 - 9/(9/(-4)). Suppose -4*x = v*s + 185 - 485, 3*x - 3 = 0. What is the remainder when s is divided by 50?
48
What is the remainder when 80 is divided by ((-23)/(-46))/(3/360*2)?
20
Let r be (-1)/(1/(-6))*(-54)/(-9). Let a = -6 + r. Calculate the remainder when a is divided by 11.
8
Let w(b) = -7*b - 3. Let a be w(-1). Suppose 0 = -n + 3*n - a. Calculate the remainder when 8 is divided by n.
0
Suppose -4*i + v + 1340 = 0, 9*v = -5*i + 7*v + 1688. Calculate the remainder when i is divided by 68.
64
Suppose -4*k = -9*k + 2*l + 468, 5*k - 480 = 5*l. Calculate the remainder when k is divided by 22.
4
Calculate the remainder when (2/(-6)*-10)/(62/3255) is divided by 93.
82
Let w(c) = 2*c**2 - 4*c - 4. Suppose 2*i = -4*a + 20, 5*i - 23 = 4*a + 13. Suppose 5*z + 7 + i = 0. Calculate the remainder when 103 is divided by w(z).
25
Calculate the remainder when 165 is divided by 1*-66*4/(-8).
0
Suppose 6*r = 7*r - 4. Suppose -3*l - 24 = -r*m + 8, 5*m + 5*l - 75 = 0. Let f = 22 - m. What is the remainder when 43 is divided by f?
10
Suppose 5*f + z - 2907 = 0, -5*z - 1152 = -2*f - 0*z. Suppose 4*p - 2*g - 772 = 0, -4*p = -p - g - f. Calculate the remainder when p is divided by 33.
30
Suppose -2*h = -0*h + 4*u + 178, 0 = 5*u - 5. Suppose 0*n = -4*n + 560. Let c = n + h. Calculate the remainder when c is divided by 13.
10
Calculate the remainder when 365/3 + 116/87 is divided by 14.
11
Suppose -i + 36 = -5*i. Let r = 6 - i. Suppose 0 = -3*j + 22 - 4. Calculate the remainder when r is divided by j.
3
Suppose 0 = 2*i - 7 - 7. Calculate the remainder when 3*-2 + 50 + -4 + 6 is divided by i.
4
Let a be 17/5 - (-6)/(-15). Let b = a - 13. What is the remainder when (46/b)/(9/(-45)) is divided by 13?
10
Let f = 100 - 85. Calculate the remainder when 389 is divided by f.
14
Let d(j) = -2*j - 6. Let x be d(-4). Suppose -t - 41*t + 2268 = 0. What is the remainder when t is divided by 12 + (-1)/2*x?
10
Suppose 0 = -7*d + 240 - 44. Calculate the remainder when 42 is divided by d.
14
Let j = -31 + 31. Suppose 0 = -j*v - 2*v. Calculate the remainder when 29 - v*4/(-4) is divided by 11.
7
Let n(y) = -30*y - 136. What is the remainder when 791 is divided by n(-6)?
43
Let w be (-1)/2 - 15/(-6). Suppose 0 = -c + w - 18. What is the remainder when 18 is divided by (c + (3 - 1))/(-2)?
4
Suppose n - 10 + 7 = 0. Let d be (1*n)/(42/28). Suppose d*w + w - 9 = 0. Calculate the remainder when 9 is divided by w.
0
Suppose -2*p + 17 = n, -2*n = 13*p - 8*p - 32. What is the remainder when 313 is divided by n?
19
Suppose 2*d - 15 = 3*h, 0 = -2*d - 3*d + 4*h + 34. Suppose d*z + 100 = 7*z. Let c = z + -65. What is the remainder when c is divided by 12?
11
Let t(r) = -19*r**3 - r + 1. Let m(c) = -c**3 - c**2 + 1. Let z(o) = 2*m(o) - t(o). Calculate the remainder when z(2) is divided by 33.
32
What is the remainder when (-1)/(-1) - 5 - (3 + -106) is divided by 29?
12
Let a(z) = z**3 + 18*z**2 + 2*z + 46. What is the remainder when 67 is divided by a(-18)?
7
What is the remainder when 287*(-4)/8*-2 is divided by 72?
71
Suppose -4*c = -56 - 60. Let t = c + -4. Let k(s) = 15*s - 1. Calculate the remainder when t is divided by k(1).
11
Suppose 0 = -1362*s + 1378*s - 240. What is the remainder when s is divided by 3?
0
Suppose -3*s = -3, -8*m + 5*m + 4*s + 62 = 0. What is the remainder when 103 is divided by m?
15
Suppose -3*y - q = -199 - 52, -5*q - 89 = -y. Suppose 55 + 13 = 4*t. What is the remainder when y is divided by t?
16
Suppose 6 = d + 2*q, 2*d + 2 = 3*d + q. What is the remainder when -1 - -4 - (d + -41) is divided by 8?
6
Let l = 103 - 89. What is the remainder when 48 is divided by l?
6
Suppose -j = -0*j - 271. Suppose 5*l = -j + 1196. What is the remainder when l is divided by 47?
44
Suppose 3*h - 4*x + 112 = 7*h, -x + 121 = 4*h. Let r = 61 + -48. Calculate the remainder when h is divided by r.
5
Suppose -f + 65 = 3*j, 17*j - 12*j + 5*f = 125. Let t = -103 + 161. Calculate the remainder when t is divided by j.
18
Let h(k) = k**2 - 21*k - 32. Suppose 2*b = -0*b + 46. What is the remainder when 39 is divided by h(b)?
11
Suppose -6*y = -2*y + 4, -y = 2*d - 41. What is the remainder when d is divided by 11?
10
Suppose 5*z = -5*f + 30, -3 = -2*f - 4*z + 5*z. Suppose f*t + 30 = t. Let d = 58 + t. Calculate the remainder when d is divided by 9.
7
Let r(c) = -c - 4. Let k be r(-6). Suppose -40 = -4*q - 3*y, -k*y = -7*y. Calculate the remainder when 58 is divided by q.
8
Calculate the remainder when 4/102*5658 - 6/(-51) is divided by 18.
6
What is the remainder when ((-56)/10)/(663/(-130) + 5) is divided by 20?
16
Let o(m) = 2*m + 35. Let j(p) = -1. Let v(h) = 5*j(h) + o(h). Let s be v(13). Suppose 2*z - 6*z = -s. Calculate the remainder when 41 is divided by z.
13
Let q(v) = -29*v**3 - 2*v**2 - v. Calculate the remainder when (-36)/45 - 1676/(-20) is divided by q(-1).
27
Let k(x) = 13*x**2 - 5*x - 1. Calculate the remainder when k(2) is divided by (-3)/6 + (-47)/(-2).
18
Let t(a) = -2*a + 72. What is the remainder when (52 - -1) + (1 - 2) is divided by t(22)?
24
Suppose 4*q - 5*a - 194 = 0, -a = -6*a + 10. Calculate the remainder when q is divided by ((-2)/(-1) - 15)/(-1).
12
Let m(f) be the first derivative of -f**3/3 + 3*f**2 + 8*f + 5. Let h be m(4). Suppose -h = -w - 2. What is the remainder when 40 is divided by w?
12
Let y = 184 + -45. What is the remainder when y is divided by 18?
13
Suppose z = -4*w + 74, 2*z + 3 = -1. Let a(t) = 15*t**2 - 1. Let h be a(-1). Calculate the remainder when w is divided by 94/h - 6/(-21).
5
Let u = 149 - -79. Calculate the remainder when u is divided by 60.
48
Suppose 0 = -3*a + 12, -l + 6*a = 2*a - 17. Suppose 2*c - 2*x - 44 = -2*c, -c + 4*x = -25. Calculate the remainder when l is divided by c.
6
Suppose -9*u + 5400 = -0*u. Calculate the remainder when u is divided by 86.
84
Suppose -2*h = -h - 38. Let c be ((-14)/(-8))/(3/12). Suppose -c*y + 60 = -4*y. What is the remainder when h is divided by y?
18
Calculate the remainder when (-7 + (-60)/(-10))/((-1)/97) is divided by 13.
6
Let c = 10 + -6. Suppose 3*v - 8 = -f + 36, 2*v + c*f = 36. Let d = -24 + 28. What is the remainder when v is divided by d?
2
Let d = -445 + 599. What is the remainder when d is divided by 34?
18
Let q(u) = 97*u**2 - u - 1. Let j = -36 - -61. Calculate the remainder when q(-1) is divided by j.
22
Let s(q) = 3*q**2 + 9*q + 15. What is the remainder when 404 is divided by s(-5)?
44
Suppose -2*j + 117 = 3*p - 23, -4*p - 8 = 0. Suppose 1608 + 1156 - 902 = 49*h. What is the remainder when j is divided by h?
35
Suppose -2*r + 0*r = -3*w - 17, r - 4 = 3*w. Suppose 19*q = 4*q - 15*q + 270. Calculate the remainder when r is divided by q.
4
Let i be 14*(4 - 7/2). Let w = 24 - i. Suppose -3*z + 199 = -2*p, -142 = -2*z + 5*p - 13. Calculate the remainder when z is divided by w.
16
Let t = -1256 + 1271. Calculate the remainder when 327 is divided by t.
12
Let w(r) = r**3 - 14*r**2 + 2*r - 17. Let p be (0 + -3)/((-15)/100). Suppose -7*b + p = -2*b. What is the remainder when w(14) is divided by b?
3
Let c be 97/(-2) - (-1)/(-2). Let j = -14 - c. Let o = 44 - j. What is the remainder when 15 is divided by o?
6
Suppose -26*d - 113 + 217 = 0. Let n be (-2)/(-4) - 6/(-4). Suppose -d*v = n*v - 42. Calculate the remainder when 24 is divided by v.
3
Let u(n) = -n - 36. Let r be u(-4). Let g = 84 + r. Calculate the remainder when g is divided by 18.
16
Let f(u) = -6*u - 36. Suppose 0*i = -6*i - 96. What is the remainder when f(i) is divided by 31?
29
Suppose j - 4*l = 5*j + 8, -2*j = 3*l + 8. Suppose -q + j = 3. Calculate the remainder when (224/(-35))/(q/5) is divided by 17.
15
L